{"id":18,"date":"2022-10-21T15:02:36","date_gmt":"2022-10-21T14:02:36","guid":{"rendered":"https:\/\/www.joyaneuchatel.ch\/?page_id=18"},"modified":"2022-11-23T22:49:55","modified_gmt":"2022-11-23T21:49:55","slug":"blog","status":"publish","type":"page","link":"https:\/\/www.joyaneuchatel.ch\/index.php\/blog\/","title":{"rendered":"Notre mission"},"content":{"rendered":"\n<p>Nous voulons apporter de l&rsquo;amour et de l&rsquo;espoir aux personnes en situation de prostitution et aux victimes de la traite humaine en leur t\u00e9moignant de notre foi chr\u00e9tienne en J\u00e9sus-Christ. <\/p>\n\n\n\n<p>Nous ne sommes pas l\u00e0 pour juger quiconque. Au contraire, nous savons que des fois des personnes n&rsquo;ont pas le choix de vivre ces situations difficiles. Nous avons \u00e0 c\u0153ur ces personnes parce que nous sommes convaincus que Dieu est leur cr\u00e9ateur et qu&rsquo;ainsi, leur vie, comme pour chacun, a une immense valeur pour lui. Il les aime, peu importe les circonstances de la vie.<\/p>\n\n\n\n<p>Chacune de ces rencontres est unique et pr\u00e9cieuse pour chaque personne qui ouvre la porte et accepte de nous rencontrer. Joya apporte un cadeau \u00e0 chaque visite, pour montrer \u00e0 ces personnes qui travaillent dans le domaine de la prostitution qu\u2019elles sont pr\u00e9cieuses aux yeux de Dieu. <\/p>\n\n\n\n<p>Notre mission est aussi de montrer que chaque personne a une dignit\u00e9 humaine. Nous sommes convaincus qu&rsquo;elles peuvent \u00eatre restaur\u00e9es dans leur dignit\u00e9 humaine et nous leur offrons notre amiti\u00e9 et notre soutien dans ce processus. <\/p>\n\n\n\n<p> L&rsquo;\u00e9quipe de Joya Le Locle-La Chaux-de-Fonds am\u00e8ne aussi des textes qui parlent du regard d&rsquo;amour que Dieu porte sur ces personnes.<\/p>\n\n\n\n<figure class=\"wp-block-image size-large\"><img loading=\"lazy\" decoding=\"async\" width=\"1024\" height=\"577\" src=\"https:\/\/www.joyaneuchatel.ch\/wp-content\/uploads\/2022\/10\/Parce-que-tu-as-de-la-valeur-a-mes-yeux-parce-que-tu-as-de-limportance-et-que-je-taime.-Esaie-43.1-42-1024x577.jpg\" alt=\"\" class=\"wp-image-132\" srcset=\"https:\/\/www.joyaneuchatel.ch\/wp-content\/uploads\/2022\/10\/Parce-que-tu-as-de-la-valeur-a-mes-yeux-parce-que-tu-as-de-limportance-et-que-je-taime.-Esaie-43.1-42-1024x577.jpg 1024w, https:\/\/www.joyaneuchatel.ch\/wp-content\/uploads\/2022\/10\/Parce-que-tu-as-de-la-valeur-a-mes-yeux-parce-que-tu-as-de-limportance-et-que-je-taime.-Esaie-43.1-42-300x169.jpg 300w, https:\/\/www.joyaneuchatel.ch\/wp-content\/uploads\/2022\/10\/Parce-que-tu-as-de-la-valeur-a-mes-yeux-parce-que-tu-as-de-limportance-et-que-je-taime.-Esaie-43.1-42-768x433.jpg 768w, https:\/\/www.joyaneuchatel.ch\/wp-content\/uploads\/2022\/10\/Parce-que-tu-as-de-la-valeur-a-mes-yeux-parce-que-tu-as-de-limportance-et-que-je-taime.-Esaie-43.1-42-1536x865.jpg 1536w, https:\/\/www.joyaneuchatel.ch\/wp-content\/uploads\/2022\/10\/Parce-que-tu-as-de-la-valeur-a-mes-yeux-parce-que-tu-as-de-limportance-et-que-je-taime.-Esaie-43.1-42.jpg 1640w\" sizes=\"auto, (max-width: 1024px) 100vw, 1024px\" \/><\/figure>\n","protected":false},"excerpt":{"rendered":"<p>Nous voulons apporter de l&rsquo;amour et de l&rsquo;espoir aux personnes en situation de prostitution et aux victimes de la traite humaine en leur t\u00e9moignant de notre foi chr\u00e9tienne en J\u00e9sus-Christ. Nous ne sommes pas l\u00e0 pour juger quiconque. Au contraire, nous savons que des fois des personnes n&rsquo;ont pas le [&hellip;]<\/p>\n","protected":false},"author":1,"featured_media":0,"parent":0,"menu_order":0,"comment_status":"closed","ping_status":"closed","template":"","meta":{"footnotes":""},"class_list":["post-18","page","type-page","status-publish","hentry"],"_links":{"self":[{"href":"https:\/\/www.joyaneuchatel.ch\/index.php\/wp-json\/wp\/v2\/pages\/18","targetHints":{"allow":["GET"]}}],"collection":[{"href":"https:\/\/www.joyaneuchatel.ch\/index.php\/wp-json\/wp\/v2\/pages"}],"about":[{"href":"https:\/\/www.joyaneuchatel.ch\/index.php\/wp-json\/wp\/v2\/types\/page"}],"author":[{"embeddable":true,"href":"https:\/\/www.joyaneuchatel.ch\/index.php\/wp-json\/wp\/v2\/users\/1"}],"replies":[{"embeddable":true,"href":"https:\/\/www.joyaneuchatel.ch\/index.php\/wp-json\/wp\/v2\/comments?post=18"}],"version-history":[{"count":12,"href":"https:\/\/www.joyaneuchatel.ch\/index.php\/wp-json\/wp\/v2\/pages\/18\/revisions"}],"predecessor-version":[{"id":176,"href":"https:\/\/www.joyaneuchatel.ch\/index.php\/wp-json\/wp\/v2\/pages\/18\/revisions\/176"}],"wp:attachment":[{"href":"https:\/\/www.joyaneuchatel.ch\/index.php\/wp-json\/wp\/v2\/media?parent=18"}],"curies":[{"name":"wp","href":"https:\/\/api.w.org\/{rel}","templated":true}]}}